4
32 (base 5) to base 15
12
Convert 22 (base 5) to base 12.
10
What is -3 (base 14) in base 4?
-3
What is -185 (base 13) in base 3?
-101022
Convert 81 (base 9) to base 15.
4d
-24 (base 16) to base 14
-28
-a (base 12) to base 3
-101
Convert -3 (base 5) to base 4.
-3
Convert 1011 (base 4) to base 14.
4d
31 (base 6) to base 11
18
What is -3b (base 15) in base 9?
-62
Convert 100 (base 2) to base 13.
4
Convert 11 (base 5) to base 16.
6
64 (base 16) to base 5
400
-25 (base 9) to base 10
-23
-8 (base 10) to base 16
-8
Convert -5 (base 9) to base 13.
-5
Convert -238 (base 9) to base 2.
-11000101
What is -100 (base 3) in base 2?
-1001
Convert 12 (base 8) to base 2.
1010
Convert 1 (base 9) to base 3.
1
What is -6 (base 14) in base 6?
-10
-4 (base 13) to base 12
-4
Convert -3 (base 10) to base 11.
-3
What is -9 (base 11) in base 13?
-9
Convert 6 (base 7) to base 10.
6
-12 (base 12) to base 6
-22
6 (base 11) to base 5
11
Convert -206 (base 8) to base 6.
-342
70 (base 16) to base 11
a2
Convert -60 (base 9) to base 2.
-110110
a (base 16) to base 14
a
44 (base 16) to base 8
104
4 (base 12) to base 4
10
What is 17 (base 15) in base 13?
19
8 (base 9) to base 7
11
What is 12 (base 13) in base 5?
30
Convert -331 (base 5) to base 3.
-10101
Convert -25 (base 7) to base 2.
-10011
6a (base 14) to base 4
1132
What is 23 (base 9) in base 7?
30
Convert 2 (base 5) to base 6.
2
Convert 7 (base 10) to base 5.
12
What is -3 (base 12) in base 6?
-3
What is -31 (base 5) in base 11?
-15
11 (base 6) to base 2
111
What is -2 (base 13) in base 9?
-2
What is -2 (base 12) in base 7?
-2
77 (base 9) to base 15
4a
-14c (base 13) to base 14
-129
Convert 108 (base 15) to base 3.
22122
-220 (base 4) to base 10
-40
What is 34 (base 6) in base 14?
18
What is -39 (base 10) in base 7?
-54
What is 1100 (base 2) in base 8?
14
40 (base 6) to base 13
1b
1 (base 5) to base 4
1
What is -1210 (base 3) in base 13?
-39
Convert 2a (base 12) to base 6.
54
Convert 24 (base 6) to base 2.
10000
Convert -11 (base 8) to base 12.
-9
4 (base 13) to base 9
4
What is b (base 12) in base 7?
14
What is -1040 (base 5) in base 14?
-a5
Convert 1 (base 14) to base 7.
1
What is -154 (base 9) in base 3?
-11211
What is 136 (base 10) in base 2?
10001000
Convert 34 (base 11) to base 2.
100101
What is 0 (base 4) in base 6?
0
1011 (base 2) to base 6
15
Convert -25 (base 9) to base 5.
-43
What is -34 (base 8) in base 15?
-1d
Convert 2 (base 4) to base 2.
10
Convert 4 (base 7) to base 16.
4
Convert -3 (base 11) to base 12.
-3
What is -1 (base 5) in base 10?
-1
-13 (base 9) to base 3
-110
117 (base 16) to base 7
546
What is 108 (base 11) in base 13?
9c
What is -4 (base 10) in base 11?
-4
Convert 19 (base 14) to base 3.
212
What is -26 (base 7) in base 9?
-22
Convert 0 (base 7) to base 4.
0
What is bb (base 14) in base 7?
324
Convert -48 (base 13) to base 6.
-140
Convert 1 (base 13) to base 16.
1
Convert 73 (base 9) to base 13.
51
-a5 (base 11) to base 2
-1110011
-9 (base 16) to base 15
-9
1110110 (base 2) to base 13
91
222 (base 6) to base 4
1112
Convert b (base 13) to base 2.
1011
What is -60 (base 13) in base 10?
-78
Convert 26 (base 12) to base 16.
1e
122 (base 6) to base 16
32
What is 5 (base 7) in base 3?
12
Convert 0 (base 15) to base 6.
0
What is -14 (base 6) in base 4?
-22
What is -1010 (base 2) in base 16?
-a
-210 (base 3) to base 13
-18
-15 (base 6) to base 8
-13
-1202 (base 3) to base 8
-57
Convert -9 (base 15) to base 6.
-13
What is 11 (base 2) in base 5?
3
Convert 24 (base 13) to base 11.
28
1 (base 12) to base 10
1
What is -2 (base 11) in base 3?
-2
Convert 2 (base 14) to base 6.
2
What is -6 (base 12) in base 15?
-6
What is -10212 (base 3) in base 15?
-6e
What is -202 (base 3) in base 11?
-19
What is 142 (base 10) in base 16?
8e
What is 96 (base 11) in base 10?
105
Convert -62 (base 12) to base 7.
-134
8 (base 9) to base 16
8
What is -7 (base 15) in base 6?
-11
-6 (base 15) to base 2
-110
What is -2 (base 11) in base 13?
-2
What is -6 (base 14) in base 5?
-11
What is 1 (base 16) in base 7?
1
Convert 1110 (base 2) to base 12.
12
Convert 111 (base 8) to base 9.
81
What is -3 (base 4) in base 12?
-3
What is -58 (base 12) in base 8?
-104
What is -a (base 15) in base 14?
-a
-2 (base 6) to base 12
-2
What is -5 (base 8) in base 14?
-5
What is -112 (base 3) in base 15?
-e
Convert 5 (base 7) to base 13.
5
Convert -a (base 14) to base 15.
-a
What is 57 (base 12) in base 2?
1000011
2 (base 11) to base 6
2
Convert 21 (base 3) to base 14.
7
What is 9a (base 12) in base 3?
11101
What is 3 (base 15) in base 4?
3
What is -3 (base 10) in base 11?
-3
What is 8 (base 11) in base 14?
8
-128 (base 9) to base 10
-107
Convert 17 (base 11) to base 9.
20
Convert 10 (base 4) to base 16.
4
Convert -7 (base 8) to base 11.
-7
Convert -240 (base 5) to base 8.
-106
Convert 8 (base 13) to base 2.
1000
Convert 33 (base 4) to base 11.
14
1022 (base 3) to base 9
38
-3 (base 4) to base 14
-3
What is 410 (base 5) in base 8?
151
What is -15 (base 8) in base 13?
-10
What is 2 (base 3) in base 8?
2
5 (base 12) to base 5
10
-3 (base 15) to base 8
-3
What is -8 (base 16) in base 12?
-8
-3 (base 8) to base 13
-3
What is -4 (base 7) in base 13?
-4
What is -10001 (base 2) in base 10?
-17
Convert 15 (base 11) to base 5.
31
Convert -20 (base 6) to base 5.
-22
Convert 16a (base 11) to base 9.
238
What is 10 (base 2) in base 3?
2
100 (base 2) to base 4
10
Convert -198 (base 10) to base 15.
-d3
What is 6 (base 13) in base 15?
6
Convert -11 (base 5) to base 9.
-6
-21 (base 14) to base 10
-29
What is 45 (base 8) in base 12?
31
What is 2 (base 9) in base 12?
2
What is a2 (base 11) in base 16?
70
What is 3 (base 4) in base 5?
3
Convert 11 (base 8) to base 3.
100
What is a (base 11) in base 6?
14
Convert -524 (base 8) to base 13.
-202
Convert 66 (base 7) to base 6.
120
Convert -1 (base 11) to base 10.
-1
Convert -1 (base 8) to base 4.
-1
What is 33 (base 4) in base 14?
11
323 (base 5) to base 12
74
Convert 65 (base 8) to base 3.
1222
What is 72 (base 12) in base 7?
152
Convert 60 (base 11) to base 10.
66
Convert 47 (base 8) to base 5.
124
What is -231 (base 4) in base 5?
-140
What is -3 (base 8) in base 14?
-3
131 (base 8) to base 12
75
-27 (base 8) to base 10
-23
-100 (base 4) to base 16
-10
-236 (base 8) to base 13
-c2
Convert 33 (base 4) to base 6.
23
66 (base 11) to base 12
60
Convert 77 (base 11) to base 7.
150
What is -16 (base 9) in base 2?
-1111
Convert 186 (base 10) to base 12.
136
0 (base 8) to base 3
0
Convert -1 (base 11) to base 8.
-1
1 (base 13) to base 10
1
What is -1 (base 8) in base 10?
-1
Convert -14 (base 10) to base 5.
-24
Convert 112022 (base 3) to base 13.
239
Convert -2 (base 10) to base 2.
-10
223 (base 5) to base 13
4b
What is -5 (base 11) in base 7?
-5
Convert -27 (base 13) to base 9.
-36
Convert 3 (base 5) to base 15.
3
Convert 0 (base 13) to base 14.
0
40 (base 6) to base 5
44
-11 (base 6) to base 7
-10
What is 4 (base 8) in base 6?
4
What is -2 (base 12) in base 16?
-2
Convert -1 (base 6) to base 11.
-1
-1 (base 2) to base 11
-1
-33 (base 5) to base 7
-24
-15 (base 10) to base 5
-30
a (base 13) to base 11
a
Convert 113 (base 5) to base 11.
30
Convert 313 (base 4) to base 12.
47
What is -10 (base 3) in base 9?
-3
Convert 2 (base 12) to base 14.
2
What is -23 (base 10) in base 11?
-21
Convert 5 (base 9) to base 8.
5
5 (base 10) to base 2
101
What is -101011 (base 2) in base 9?
-47
Convert -412 (base 5) to base 4.
-1223
Convert -b2 (base 12) to base 14.
-98
412 (base 7) to base 12
151
-220 (base 4) to base 5
-130
What is 30 (base 14) in base 10?
42
Convert -33 (base 7) to base 12.
-20
What is -384 (base 9) in base 5?
-2234
Convert 211 (base 3) to base 12.
1a
Convert -51 (base 6) to base 7.
-43
Convert 33 (base 11) to base 13.
2a
Convert -26 (base 11) to base 2.
-11100
What is -6 (base 14) in base 12?
-6
What is 10 (base 4) in base 8?
4
32 (base 5) to base 12
15
-31 (base 7) to base 9
-24
-157 (base 14) to base 16
-111
-19 (base 13) to base 15
-17
Convert -2 (base 4) to base 7.
-2
Convert 1221 (base 3) to base 8.
64
What is -304 (base 10) in base 8?
-460
What is -37 (base 15) in base 5?
-202
-1 (base 15) to base 2
-1
Convert -10100010 (base 2) to base 11.
-138
What is -11 (base 4) in base 15?
-5
Convert 1011 (base 2) to base 15.
b
Wha